*o**2 + 1118940. Let k = 0 + 1. Determine d(k).
-9
Let u be -4 - 0/(3 + -8). Let v be u/(-6) + 1 + (-26)/39. Let m(g) = -12*g**2. Give m(v).
-12
Let d(r) = -19*r**3 + 1 + 3120*r**2 - 6230*r**2 + 3111*r**2. What is d(-1)?
21
Let y = -44 + 39. Let r be (3 + 10/y)/(-1). Let p be -3 + (r + 5)/4. Let g(n) = -n - 1. Calculate g(p).
1
Let u = -30 - -38. Suppose 0*j - u*j = -24. Suppose 0 = m - 2*m + j*m. Let f(p) = p**3 - p**2 - 5. Calculate f(m).
-5
Let n be ((-10)/(-20) + -1)*(-5 + -1). Let r(c) = 37*c**n + 7*c**2 - 3 + 2*c - 4 - 36*c**3 - 6*c - 3*c**2. Give r(-4).
9
Let s be (0/(-5))/(6/3). Suppose s = -2*v + v. Let h(d) = 5*d + v*d - 3*d + 7*d**2 + 6 + 4*d + d**3. Determine h(-6).
6
Let i(h) = -808*h + 11329. Let l be i(14). Let u(f) = f**3 - 16*f**2 - 19*f + 31. Determine u(l).
-3
Let o be (-3)/21 - (-20)/(-7). Let u(a) = 20899*a**2 + 20880*a**2 - 3 - 41780*a**2 - 3*a. Give u(o).
-3
Let w = -10 + 5. Let x(c) = 9*c**2 - 2*c + 14. Let g(r) = 7 + 439*r**2 - 213*r**2 - 222*r**2. Let n(z) = 7*g(z) - 3*x(z). Calculate n(w).
2
Let g(w) = w**3 + 82*w**2 - 70*w - 5731. Let x be g(-82). Let v(h) be the first derivative of h**4/4 - 8*h**3/3 - 7*h**2/2 - 20*h + 2. Calculate v(x).
-2
Let a be (2 - 13/3)*-3. Let z(u) = -235*u + 2 - 231*u - 230*u + 694*u. Calculate z(a).
-12
Suppose -35 = 5*c - 35. Suppose -10*z - 13*z - 92 = c. Let f(g) = -2*g**2 + 2*g + 2. Determine f(z).
-38
Let r(c) = 129*c - 2 - 74*c - 64*c - 4. Calculate r(0).
-6
Let k(q) = q + 3. Let p = 217 + -216. Let z(j) = -1. Let t(g) = p*k(g) - z(g). Give t(-8).
-4
Let x(f) = -f**2 - 4*f + 42. Let t = 5188 - 5182. Determine x(t).
-18
Let v(m) = -m - 6. Suppose 81 = s - x, 6*s - x - 397 = s. Let k = s + -86. What is v(k)?
1
Let o(r) = -r**2 + 2*r + 14. Let d = 139 - 139. Give o(d).
14
Let x(v) = -31*v**2 - 92*v + 3. Let h(b) = 93*b**2 + 322*b - 11. Let p(j) = -2*h(j) - 7*x(j). Determine p(-2).
125
Suppose 1 = -4*o + 5*u + 29, u = 2*o - 20. Suppose o = 2*v - 4*v + 3*c, 12 = 2*v + 3*c. Let d(w) = -1 + 158*w + v - 150*w. Determine d(-2).
-17
Let i be 6/15 + (-24 - -28 - 308/20). Let b(z) = -z**3 - 12*z**2 - 5*z + 21. Calculate b(i).
-45
Let a(l) = -13*l + 142. Let j(v) = 8*v - 71. Let i(f) = 4*a(f) + 7*j(f). Let h be i(-16). Let b(c) = c**2 - 10*c. Determine b(h).
-21
Let t(q) = -51*q**2 + 309*q - 16. Let i be t(6). Suppose -5*b + 3*b + 4 = 0. Let p(r) = 3 + 3*r - 4 + 0*r**2 + 3*r**i - 4*r**b. What is p(5)?
-11
Let f(d) = -156*d - 27. Let g(b) = -31*b - 3. Let t(z) = 2*f(z) - 11*g(z). Calculate t(2).
37
Let k(m) be the first derivative of -9*m**2/2 + 6*m + 6685. What is k(-4)?
42
Let p be (-18)/24*-14*4. Suppose 0 = 4*m + 2*b - p, 3*m - 7*b = -2*b + 25. Let a(y) = y - 23. Calculate a(m).
-13
Let i(u) = 2*u + 1. Let p(z) = -z**2 - 15*z + 79. Let o be p(5). Let v(b) = -b**2 - 22*b - 23. Let k be v(o). Give i(k).
-3
Let l = -7 + 15. Let g(d) = -36*d**2 + d**3 + 2*d + 32*d**2 - 4 - 4*d**2. Determine g(l).
12
Let b(x) = 0 - 9*x + 3*x - 26 + 0*x. Let w be b(-4). Let t(y) = -3*y + 9. Let z(v) = -v + 4. Let f(u) = -4*t(u) + 9*z(u). Give f(w).
-6
Let w(o) be the second derivative of -o**5/20 + 5*o**4/6 + 25*o**3/6 - 9*o**2 + 3043*o. Give w(12).
-6
Let y(o) be the second derivative of o**7/2520 - o**6/90 + o**5/120 + o**4/6 - 15*o**2/2 - 19*o - 2. Let d(k) be the third derivative of y(k). What is d(6)?
-11
Let o(j) = -j**3 - 6*j**2 - j - 8. Suppose r + y + 13 = 3*r, 31 = 5*r - y. Suppose -2*c - 12 = 3*a, -c + 5*a = 3*a + r. Calculate o(c).
-2
Let x be -13 + 17 + -20 + 30. Let i(m) be the first derivative of -m**3/3 + 7*m**2 + 5*m - 2. Give i(x).
5
Let l(x) = -55*x**2 + 95*x**2 - 42*x**2 - x**3 + 5 + 3 - 3*x. Give l(3).
-46
Let o(b) be the first derivative of -1/2*b**2 + 16 + 26*b. Let d be o(21). Let v(j) = j**3 - 4*j**2 - 5*j - 5. Give v(d).
-5
Suppose 4*s - 12 = -4*u + 2*u, 30 = 2*u - 5*s. Let w be 672/105 + (-4)/u. Let o(f) = 0*f - f - 13 + 2*f. Give o(w).
-7
Let i(w) be the second derivative of 7*w**6/720 + w**5/120 - 6*w**4 - 10*w. Let r(p) be the third derivative of i(p). Determine r(-1).
-6
Let l(g) = -55*g**3 - 5*g**2 - 6*g - 16. Let c(t) = 6*t**2 + 0*t**2 - 6*t**2 - t**2 - 3 - t - 11*t**3. Let w(s) = -11*c(s) + 2*l(s). Calculate w(1).
12
Let t(m) = 47*m + 2*m - 16*m + 3*m**2 + 2*m - 16*m. What is t(-6)?
-6
Let a(w) = -3*w. Let l(i) = -i - 1. Let u = -80 + 141. Let t = u - 60. Let c(m) = t*l(m) - a(m). What is c(2)?
3
Suppose 4*y + 1 = -5*u - 4, -5*y - 2*u = 19. Let w(a) be the second derivative of a**5/20 + a**4/3 + 2*a**3/3 - 3*a**2 - a - 490. Determine w(y).
-51
Suppose 5*x + 18 = 3*n - 0*x, 2*n - 12 = -x. Let z(t) = -8 + 13 - 4 + t - n + 3. What is z(-6)?
-8
Let i be (4/(-6))/(1/(-9)). Let d(g) be the third derivative of 0*g - 7/24*g**4 + 1/60*g**5 - 44 + 2*g**2 + 4/3*g**3. Give d(i).
2
Let c(s) be the third derivative of s**5/60 + 43*s**4/12 - 2*s**3 + 2*s**2 + 442*s. What is c(0)?
-12
Let c(n) = -7*n + 3. Let w(h) = 8*h - 3. Suppose 3*k + 3605 - 3596 = 0. Let q(m) = k*c(m) - 2*w(m). Give q(3).
12
Let m = -39 + 47. Suppose -1 = m*v - 49. Let l(b) = v - 6*b - 2 - 3. Give l(1).
-5
Suppose -5*b = -2*h - 87, -5*b = -21*h + 17*h - 79. Let q(w) = -193120*w**2 - b + 19*w - 3*w**3 + 193137*w**2 + 2*w**3. Give q(18).
-1
Let j(x) = -7*x**2 + 5*x - 4. Let s be (-5)/(-7)*686/245. Determine j(s).
-22
Suppose -261*a + 143 = -546*a + 272*a. Let k(y) = 5*y - 13. Determine k(a).
-68
Suppose 0 + 2 = -2*c, -3*u = 5*c + 320. Let f = u - -105. Let j be ((3 - 1)/(-2 + f))/(-1). Let y(r) = 16*r. Give y(j).
16
Let t(r) be the first derivative of -3*r**4/4 + 4*r**3/3 + 3*r**2/2 - 3*r + 8715. Determine t(2).
-5
Let v(t) = 8*t**2 + 8*t + 13. Let o(p) be the first derivative of p**2/2 + 2*p + 47. Let y(b) = 6*o(b) - v(b). What is y(-1)?
-7
Let v(n) = -n**2 + 3*n + 5. Suppose -5*t + 56 = 11*t - 2*t. Give v(t).
1
Let i(l) = -l**2 + 9*l + 5. Let t(g) = g**3 + 2*g**2 + 26*g - 115. Let h be t(3). What is i(h)?
13
Let b(f) = -6*f**2 + 4*f + 3. Let z(y) = 14*y + 316. Let p be z(-16). Let t = -94 + p. What is b(t)?
-29
Suppose -f = -4*f + 96. Let k = -37 + f. Let h(b) = 11*b - 14*b - 261 - b**2 + 266. What is h(k)?
-5
Let x(g) = g + 12. Let l(n) = -n - 12. Let d(a) = -6*l(a) - 7*x(a). Let k = 5 + -11. Let u be d(k). Let c(r) = -r - 7. Determine c(u).
-1
Let n(r) = r**3 + 6*r**2 + r - 5. Suppose -1 - 5 = -3*c. Suppose c*j = -j. Suppose h + j*h - 5*b = -25, -8 = -2*b. Determine n(h).
15
Let s(h) = 5 - 2*h + 2 - 2 - 1. Let i(k) be the second derivative of -7*k**3/6 + 53*k**2/2 + 2*k + 4. Let w be i(8). Give s(w).
10
Let b(k) = -19 + 12 + 2*k + 5 + 4 - 2*k**2 + 4*k**3 + 0*k**3. Let s be b(0). Let d(n) = -3*n - 1. Give d(s).
-7
Let r(y) = -2*y. Let u be (-234)/36 - 15/(-6). Let j be u + 6 + 1 - -4. What is r(j)?
-14
Let i = 12 + -10. Let a(p) = 3*p**i + 4*p**2 - 6*p**2 - 7 + 3*p. Let q be (15/(-9))/((-8)/(-24)). Calculate a(q).
3
Let o = 2969 + -2962. Let g(f) = -f**3 + 9*f**2 - 2*f - 4. Determine g(o).
80
Suppose -w = -3*h + 11, 3871*w = -5*h + 3873*w + 19. Let x(z) = -z**2 + 7*z - 9. Determine x(h).
3
Let p = -539 + 543. Let w(x) = -x**2 + 5256*x + p + x**3 - 5 - 5257*x. What is w(2)?
1
Let l(h) be the second derivative of -7*h**3/3 - 3*h**2 + 303*h. Calculate l(0).
-6
Let a(q) be the first derivative of -1/4*q**4 + 2*q**3 - 3*q**2 - 55 - 6*q. Determine a(5).
-11
Let n(c) = -c + 23. Let i(r) = -20*r - 15. Let b be i(-1). Suppose -3*a - 12 = 0, 0 = -b*m + 4*a - 10 + 121. Calculate n(m).
4
Let h(o) be the third derivative of -o**6/360 + o**5/60 - o**4/12 - 5*o**3 + o**2 + o. Let p(m) be the first derivative of h(m). Give p(3).
-5
Let w(n) be the third derivative of -n**5/15 + n**4/4 + 11*n**3/6 + 2*n**2 + 41. Let j(l) = 11*l**2 - 19*l - 29. Let p(r) = 3*j(r) + 8*w(r). Calculate p(6).
-17
Let q(g) = 47*g + 222. Suppose 184*v + 1813 - 508 = -77*v. What is q(v)?
-13
Let t(y) be the second derivative of y**5/30 + y**4/24 + y**3/3 + 2*y**2 - 57*y + 1. Let p(d) be the first derivative of t(d). Calculate p(-2).
8
Let s(m) = m + 7. Let g = -81 - -77. Let k be -1 + (-5 - g) + 19. Suppose 5*w + k = -13. Calculate s(w).
1
Let r(g) be the first derivative of -5*g**3/3 + 5*g**2/2 - g + 13. Let i(j) = 10*j**2 - 13*j + 3. Let w(n) = -2*i(n) - 5*r(n). Determine w(1).
5
Suppose -8 = -2*f + 4. Let i(n) be the third derivative of n**5/60 - 5*n**4/24 - 